t the prime factors of (0 + -2)/(o/(-58)).
29
Let z be (-22)/(-3)*(-2 - 1). Let s = -45 + 42. Let b = s - z. List the prime factors of b.
19
Suppose -5*q + 20 = -0*q. Suppose -2*k - 2*j = 0, 0 = q*j + j. Suppose k*b + 30 = 5*b. What are the prime factors of b?
2, 3
Let y = 461 - -963. List the prime factors of y.
2, 89
Let g = -81 - -85. Suppose 2*o - 495 = -a, -4*o + 420 + 572 = g*a. What are the prime factors of o?
13, 19
Suppose -4*x + 3550 + 2898 = 2*t, -3*x - 5*t + 4843 = 0. List the prime factors of x.
3, 179
Let v = 2187 - 640. List the prime factors of v.
7, 13, 17
Suppose 219 = -38*w + 67. Let p(o) = -o**2 + o. Let y(b) = -3*b**2 + 2*b + 5. Let f(q) = -5*p(q) + y(q). List the prime factors of f(w).
7
Let v = 147 + -153. What are the prime factors of (1722/v + -2)*-1?
17
Let r(l) = -l**3 + 2*l**2 + 2*l - 3. Let a be r(3). Let n = -14 - a. Let d = n + 20. What are the prime factors of d?
2, 3
Let d(b) = 164*b**2 - 3. What are the prime factors of d(3)?
3, 491
Let r = -13 - -17. Suppose r*v = 216 + 408. What are the prime factors of v?
2, 3, 13
Let g = 13 - 13. Suppose -2*s + 4*v = -g*s - 20, 4*s = -2*v + 20. What are the prime factors of s?
2, 3
Suppose -4*g = 2*f - 10, 0 = 4*f + 4*g - g - 20. Let r(c) = -8*c - f + 6 - 2 - c**2 + 0*c. What are the prime factors of r(-4)?
3, 5
Suppose -4*z = -2*m - 16, z - 4 = -4*m - 0. Suppose -8*w + 9*w - 44 = m. What are the prime factors of w?
2, 11
Suppose 146400 = -5*a + 53*a. List the prime factors of a.
2, 5, 61
Let j(l) = -l**3 - 8*l**2 - 5*l - 9. Let h be 2/(-5) - 38/5. Let y be j(h). What are the prime factors of y + 2/(1 - 2)?
29
Suppose -9*q + 16 = -5*q. Let h be (-1)/(-1) + q/4. What are the prime factors of (-2)/(h/21)*-1?
3, 7
Suppose 4 = k, -179 = -2*c - 2*k - 23. List the prime factors of c.
2, 37
Suppose 1286 - 287 = -9*x. Let i = 176 + x. List the prime factors of i.
5, 13
Let o = 122 + -188. Let f = o - -72. List the prime factors of f.
2, 3
Let n(z) = -z**2. Let k(w) = 16*w**2 - w + 2. Let o(s) = k(s) + 5*n(s). Let t(u) = u**2 + u + 1. Let l(a) = o(a) - t(a). What are the prime factors of l(2)?
37
Let k = 26 - 22. What are the prime factors of 3/6 - (-602)/k?
151
Suppose 20 = 5*d - 0*d. Let f(u) = 14*u - 7. Let s be f(d). Suppose -5*t = -41 - s. What are the prime factors of t?
2, 3
Let c(f) = -6*f**3 - 1. Let s be c(1). Let q = s - -13. Suppose 5*u = 5*x + 20, -q = -2*u - x + 14. List the prime factors of u.
2
Let q = -491 - -1311. What are the prime factors of q?
2, 5, 41
Suppose 439 = -j + 3*f + 6043, -5619 = -j - 2*f. List the prime factors of j.
3, 1871
Let g(z) = 7*z + 15. Let t be g(9). Let x = t - 45. List the prime factors of x.
3, 11
Let g(n) = 3*n + 175. List the prime factors of g(20).
5, 47
Let s = 6059 - 4069. Suppose -s = -10*q - 120. List the prime factors of q.
11, 17
Let q(w) = w**3 + 2*w**2 - w + 1. Let y = -17 - -15. Let d be q(y). Suppose 7*n - d*n = 204. List the prime factors of n.
3, 17
Let u = -31 + 18. Suppose 3*m = -2*t + 97, -2*t + 103 = 5*m - 4. Let x = t - u. What are the prime factors of x?
2, 3
Let a(u) = 12*u**3 - u**2 - 4*u + 2. Let c(h) = 11*h**3 - h**2 - 3*h + 2. Let t(y) = -2*a(y) + 3*c(y). List the prime factors of t(3).
233
Let p be 30/21 - (-8)/14. Let m be p - 432/(-3) - 1. Suppose -5*o + 5*u + m = 0, -4*o + u + 91 = 2*u. List the prime factors of o.
2, 3
Suppose -2*i + v + 3*v + 22 = 0, -3*i + 33 = -4*v. List the prime factors of 2642/i + (-34)/187.
2, 3, 5
List the prime factors of 3057/15 + (-23)/(-115).
2, 3, 17
Let z(v) = -v**3 + 13*v**2 + v + 11. Let s be z(13). Let h = s + -24. List the prime factors of h - (-1 + 0) - -70.
71
Suppose -10 = 12*u - 13*u. Suppose -u*d - 20 = -14*d. What are the prime factors of d?
5
Let y(k) = -20*k**3 - 10*k**2 + 19*k - 31. Let a(f) = -7*f**3 - 3*f**2 + 6*f - 10. Let g(v) = -17*a(v) + 6*y(v). List the prime factors of g(-11).
2, 47
What are the prime factors of (-13 - (-14 - -6)) + (2190 - 4)?
3, 727
Suppose 3*u + y = 4*y + 12, 4*u = 3*y + 15. Suppose -4*i + b - u + 2 = 0, 3*i + 5 = 5*b. List the prime factors of (2/(-1) - i) + 24.
2, 11
Suppose -3*y + 3*x - 318 = 0, 5*x - 42 = 2*y + 170. Let g = -191 - y. Let v = -43 - g. List the prime factors of v.
2, 3, 7
Let f = 403 + 64. List the prime factors of f.
467
Let j be (-162)/(-6) - 1/1. Let c = j - -33. List the prime factors of c.
59
Let k(r) = 3*r - 16. Let s be k(7). Suppose -d + 4*i = 6*i, -s*d = -3*i - 65. List the prime factors of d.
2, 5
Let y = 14 - 14. Suppose y = -3*v - 5*z + 27, -2*v + 17 = z + 2*z. Suppose 4*c - 3*c - v = 0. List the prime factors of c.
2
Let v(f) = -17*f**3 + 7*f**2 + 5*f - 52. List the prime factors of v(-6).
2, 17, 113
Let s = 11 + -2. Suppose -2*p = -t - 124, -4*t - 310 = -5*p - s*t. What are the prime factors of p?
2, 31
Let v(h) be the third derivative of h**5/20 - h**4/24 + h**3/3 + 17*h**2. List the prime factors of v(5).
2, 3
Suppose -22*s + 0*s = -67298. List the prime factors of s.
7, 19, 23
Let c(o) = o**2 - 17*o - 19. Let f be c(18). Let h = 63 - f. List the prime factors of h.
2
Let h = 165 - 161. Let f(j) = 8*j - 7. Let g(r) = 8*r - 6. Let l(n) = 3*f(n) - 2*g(n). What are the prime factors of l(h)?
23
Let g = -3 - -7. Suppose g*v - 270 = -v. Suppose 5*h - v - 136 = 0. List the prime factors of h.
2, 19
Let z = 6724 - 2156. What are the prime factors of z?
2, 571
Let l = -226 - -1845. List the prime factors of l.
1619
What are the prime factors of 6 + 0/(-12) + 3954?
2, 3, 5, 11
Let x(b) = 8*b**2 - 7*b - 12. What are the prime factors of x(8)?
2, 3, 37
Let r(u) = 750*u**2 - 11*u - 3. What are the prime factors of r(-1)?
2, 379
Suppose -18*t + 15*t = 2*o - 1115, -3*o + 5*t + 1644 = 0. What are the prime factors of o?
7, 79
Suppose -2467 + 387 = -5*m. List the prime factors of m.
2, 13
Let w = 3 - -411. List the prime factors of w.
2, 3, 23
Suppose 10*j + 444 = 3774. What are the prime factors of j?
3, 37
Suppose 0 = 4*g - g - 21. Let s = g + 15. List the prime factors of s.
2, 11
Let u = -51 + 36. Let r be 5/u*(1 + -34). List the prime factors of (-2)/r + 699/33.
3, 7
Suppose 5*b - 9*b + 16 = 0. What are the prime factors of 96 - (1 + -1 + -4 + b)?
2, 3
Suppose 333 = n + 2*o, -3*n = o - 0*o - 1004. List the prime factors of n.
5, 67
Suppose -18 = -2*i - 2*w, i - 5*i = 5*w - 35. Let p be (i/(-3))/((-2)/6). Suppose 0 = -2*r - 4*o + 56, r + 3*o = 18 + p. List the prime factors of r.
2, 7
List the prime factors of 1385 - 55/((-99)/9).
2, 5, 139
Suppose 2*d = -d + 183. Let f = d + -31. What are the prime factors of f?
2, 3, 5
Suppose 9588 - 1899 = 3*n. List the prime factors of n.
11, 233
Let v(f) = -20*f - 2. Let w be v(-1). Let i = w + -26. What are the prime factors of (-2)/(i/52) - -1?
2, 7
Let t(j) = 0*j**3 - 151*j**2 + 16 + j**3 + 137*j**2 - j. Let g be t(14). Suppose -3*p - q + 37 = 0, -3*p + p + 22 = -g*q. List the prime factors of p.
2, 3
Let w(l) = 6*l + 16. Suppose 5*r = 3*d - 0*r - 55, -3*r - 45 = -3*d. List the prime factors of w(d).
2, 19
Let n be 2/(-1) + 10 + -3. Suppose -n*t - 21 + 149 = 2*x, x = -2*t + 52. List the prime factors of t.
2, 3
Suppose -6*d + 2351 + 319 = 0. List the prime factors of d.
5, 89
Suppose -3*p + 4*k + 2055 = -0*p, -4*p - 5*k + 2709 = 0. List the prime factors of p.
3, 227
List the prime factors of (3/3)/((-9)/(-1863)).
3, 23
Let o be (-5)/((-20)/(-12))*(-10)/(-15). List the prime factors of o + (-13)/(-3)*51.
3, 73
Suppose 36*i = 46*i - 8250. List the prime factors of i.
3, 5, 11
Let i(t) = 41*t**3 + t**2 + 2*t + 1. Let v be -2*(-6 - (-15)/3). List the prime factors of i(v).
337
Let l(b) = -b + 11. Let n be l(-9). Let p(h) = -h**2 + 9*h - 3. Let j be p(4). Let y = j + n. What are the prime factors of y?
37
Let r be (-6 - 1)*(-190)/133. What are the prime factors of ((-372)/r)/(2/(-10))?
2, 3, 31
Suppose 2 = 5*j - 5*k - 658, 16 = -4*k. What are the prime factors of j?
2
What are the prime factors of (9/(-3) + 16)/((-4)/(-216))?
2, 3, 13
Suppose 23*x = -3*x + 47424. List the prime factors of x.
2, 3, 19
Let l(z) = -z**3 + 0*z**2 - 15 + 16*z**2 - 5*z**2 - 2*z + 12*z. Let u be l(10). Suppose 12*d - u = 7*d. List the prime factors of d.
37
Let p(c) = c**3 - 4*c**2 - 7*c. Let i be 6*(-3 - (-2)/1). Let q be 3/(-1) - (i + -3). What are the prime factors of p(q)?
2, 3, 5
Let c be 